of a(10)?
4
Let m be (1/(-4) - (-90)/40) + 0. Suppose m*g - 47 = 13. What is the tens digit of g?
3
Let m be (3 - 39/12)*-4 - -4. Suppose -3*x + m*v = -0*x - 14, 2*x + 5*v = 26. What is the units digit of x?
8
Suppose -4*r - y - 4225 = -24100, -3*y = -r + 4959. What is the thousands digit of r?
4
Let y(d) = 2*d**3 - 2*d**2 - 15*d + 7. What is the units digit of y(4)?
3
Suppose -12 = -8*d + 20. Suppose 6*t + d = 5*t, -192 = -y - 4*t. What is the tens digit of y?
0
Let v(h) = -h - 1. What is the units digit of v(-27)?
6
Let d = 8905 + -6072. What is the hundreds digit of d?
8
Let m be ((-12)/(-8))/((-1)/(-2)). Let t(j) = -j**2 + j - 3. Let r be t(m). What is the units digit of (r/18)/(2/(-12))?
3
Let j = -15 - -17. What is the units digit of 38 - (14/j + -4)?
5
Let d = 74 - -976. What is the units digit of d?
0
Let s be (-1 + -35)/(-1 + -1). Suppose 7*y = s*y - 946. What is the units digit of y?
6
What is the units digit of ((-6780)/(-90))/((-2)/(-15))?
5
Let d be (3 - 40 - -2) + 3. Let z = -12 - 44. Let h = d - z. What is the tens digit of h?
2
Let p(d) = d**2 + d. Suppose 0 = -5*t - 6 + 1. Let x(m) = 6*m**2 + 14*m - 2. Let b(a) = t*x(a) + 8*p(a). What is the units digit of b(5)?
2
Let a = -6 - -10. Let s be 11 + a/((-12)/(-9)). Suppose f - 46 = 5*n, -6 - s = 4*n. What is the units digit of f?
1
Suppose -1100 = 12*r - 17*r. Suppose 3*y + 34 = u - y, -5*y = 4*u - r. Suppose -2*c = s - 14 - 28, 2*c - u = 3*s. What is the tens digit of c?
2
What is the units digit of (-18)/(-21) + (-21407)/(-7) + 2?
1
Suppose 12 = 3*g - 2*g. Suppose 0 = -g*i + 1055 + 1573. What is the units digit of i?
9
Let c be (6150/(-9))/(-5) + (-2)/3. Suppose 2*k - c + 48 = 0. What is the units digit of k?
4
Let u be (-16)/(-6) + 24/(-36). Let p(j) = 18*j**2 - 5*j - 2. What is the units digit of p(u)?
0
Let n = -23 + 28. Suppose -5*t - v = 4*v + 80, n*t = -3*v - 84. Let b = 1 - t. What is the units digit of b?
9
Suppose -6*l + 10*l - 72 = 0. Let o = -15 + l. Suppose o*p = -p + 112. What is the tens digit of p?
2
Suppose 113 = -3*s - 16. Let b = -6 - s. What is the tens digit of b?
3
Let w = 41 + -38. Let p(g) = 2*g**3 + 2*g**2 + 3*g - 2. What is the tens digit of p(w)?
7
Let l = -8 - -12. Let x(d) be the third derivative of d**6/120 - d**5/12 + 5*d**4/24 + 7*d**2. What is the units digit of x(l)?
4
What is the hundreds digit of -2 + (-6)/(-4) + 176088/176?
0
Let o(d) = -66*d - 2. Let v be o(-5). Suppose -6*b + v + 20 = 0. What is the units digit of b?
8
Let m = -21 + 13. Let h be 0/(m/(-2) - 6). Suppose -97 = -3*b + 5*w, h = 4*b + 2*w - 81 - 83. What is the units digit of b?
9
Suppose 0 = -3*y + 2*d + 2369, -3919 = -5*y - 2*d - 2*d. What is the units digit of y?
7
Let t(u) = -u + 1. Let a be t(-1). Let d = -225 + 367. Suppose 5*x = j - 35, -4*j = 4*x - d + a. What is the units digit of j?
5
Suppose 243 = -k - 2*q + 5*q, 2*q + 762 = -3*k. Let h = -59 - k. What is the units digit of h?
3
What is the units digit of ((-6)/(-4))/(45/3180)?
6
What is the hundreds digit of 2/16 + 105/120 - -427?
4
Let n(l) = 3*l**3 - 20*l**2 - 12*l + 63. Let a(x) = -2*x**3 + 13*x**2 + 8*x - 42. Let v(c) = -7*a(c) - 5*n(c). What is the units digit of v(9)?
5
Let x(w) = w**3 - 3*w**2 - 14*w - 36. What is the units digit of x(18)?
2
Let f be ((-2)/6)/((-3)/9). Let a = 23 + -8. Suppose -a = -q + f. What is the tens digit of q?
1
Let h = -13 + 5. Let p(d) = -2*d + 10. Let n be p(h). Let a = n + -5. What is the units digit of a?
1
Let m = 833 - 747. What is the tens digit of m?
8
Suppose 155 = 3*o + 2*o. Let b = 50 - o. What is the tens digit of b?
1
What is the hundreds digit of 8/(-252)*-3 + 15578/42?
3
Let l(v) = 6*v**3 + 2*v**2 - 2*v + 1. Let n be l(1). Suppose 0 = -3*s + 3*t + 6, -5*t + n = 2. What is the units digit of s?
3
Let i(y) = y**3 + 16*y**2 + 13*y + 11. Let a(v) = v**3 - 8*v**2 + 5*v - 1. Let l be a(7). What is the units digit of i(l)?
1
Suppose -3*y = -2*y - 18. Let c(p) = p**3 - 5*p**2 - p + 5. Let n be c(5). Suppose n*l - y = -3*l. What is the units digit of l?
6
Suppose -47*i + h - 4859 = -51*i, 0 = -2*i - 2*h + 2428. What is the units digit of i?
5
Suppose -2*i - 18 = -4*d, d - 5*i = 10 + 8. Suppose -d*u + 222 = 84. What is the tens digit of u?
4
Let j(m) be the first derivative of m**4/4 - 8*m**3/3 + m**2 + 28*m - 5. What is the hundreds digit of j(9)?
1
Let q be 5/4 + 210/(-40). What is the units digit of q/(16/18)*(7 - 9)?
9
Suppose -5*o - 3*n = -172 - 58, 4*n = -2*o + 92. Suppose 4*s = -2 + o. Suppose -y - 4*g + s - 2 = 0, -y = 3*g - 12. What is the units digit of y?
1
Suppose -9*i = -3*i - 30. Suppose -c + i*p + 49 + 65 = 0, -5*c + 514 = 3*p. What is the units digit of c?
4
Suppose -n = -341 + 74. What is the tens digit of n?
6
Suppose 11*x + 4*i = 9*x + 3294, 0 = -4*x + 4*i + 6612. What is the hundreds digit of x?
6
Suppose -2*q - 3*h + 1 = 0, -q + 3*h - 3 = -4*q. What is the units digit of (-152)/(-1) - (q/(-1) + 5)?
9
Suppose 0*h - 5*h = -l - 62, 2*h = -4*l - 138. Let d = -11 + 63. Let a = l + d. What is the units digit of a?
5
Let z(o) = o**2 - 10*o - 7. Let w be z(12). Let v = 38 - w. What is the tens digit of v?
2
Let k(w) = -w + 17. Let p be k(12). Suppose -n + 184 = 2*j, 2*n + p*j = 3*j + 358. What is the tens digit of ((0 + n)/3)/2?
2
Let r be (2007/27)/(1/3). Suppose r = 8*v - 337. What is the units digit of v?
0
Suppose 0 = 5*x - 5*g, -5*g - 2 = 2*x - 37. Suppose -5*p = -4*d - 189, -x*d = -p + 43 - 1. What is the tens digit of p?
3
Let s(y) = -45*y - 13. Suppose -13 = 4*t - 3*c, 2*c + c = -5*t - 50. Let n be s(t). Suppose -4*j = -5*h + n, 2*j + 26 = h - 32. What is the tens digit of h?
6
Let c(s) = 896*s**2 + 58*s. What is the hundreds digit of c(-2)?
4
Let n(z) = z**3 + 2*z**2 - z + 337. Let i be n(0). Suppose -227 = -6*r + i. What is the units digit of r?
4
Let b = 30 + -26. Let a(j) = j**3 - 3*j**2 - 4*j - 4. Let w be a(b). Let n(k) = -k**2 - 7*k + 4. What is the units digit of n(w)?
6
Let q(l) = 26*l**2 + l - 6. Let a(b) = -9*b**2 + 2. Let r(v) = 8*a(v) + 3*q(v). Let i be r(1). Suppose 4*s = i*s - 156. What is the tens digit of s?
5
Let k = 121 + 20. What is the units digit of k?
1
Let m(g) = 382*g - 2. Let f be m(1). Let b = 642 - f. What is the tens digit of b?
6
Suppose 12327 + 2235 = 18*n. What is the hundreds digit of n?
8
Suppose 5*y = -3*w + 2218, -4*y + 1003 = -2*w - 767. Suppose 1403 = 4*v + y. What is the tens digit of v?
4
Let k be (79 - 2) + 4 + -3. Suppose 5*a - 148 = 3*g, -4*g - 2*a = -0*a + 232. Let p = g + k. What is the tens digit of p?
2
Let w(r) = r + 6. Suppose 8*l - 34 - 78 = 0. Let k be (-18)/36 - l/4. What is the units digit of w(k)?
2
Let q = 846 + 101. What is the tens digit of q?
4
Suppose -5*b + 11232 = -3*h, 4*b + 48*h = 50*h + 8984. What is the tens digit of b?
4
Let m = -1828 + 4496. What is the thousands digit of m?
2
Suppose -22*v + 17*v - 2*l + 17133 = 0, -17105 = -5*v + 5*l. What is the thousands digit of v?
3
Suppose 2*a - 2719 = -3*j, -4*a + 4*j + 382 + 5006 = 0. What is the thousands digit of a?
1
Let c(a) = 4*a**2 - 6*a - 37. What is the hundreds digit of c(13)?
5
Suppose i - 6*i - 120 = 0. Let f = i + 29. Suppose -200 = p - f*p. What is the tens digit of p?
5
Let w(h) = h + 15. Let t be w(-10). Suppose 2*y - t*j = 6 + 29, y - 10 = 5*j. What is the tens digit of (y/(-20))/((-1)/20)?
2
Let h(y) = 5*y**3 + 2*y**2 - 40*y - 10. What is the units digit of h(8)?
8
Suppose -3 = -x - 0. Suppose 0 = u - x*o + 7, -3*u - 5*o + 15 = -2*o. Suppose -w - 27 = -u*w. What is the units digit of w?
7
Let n(h) = 2*h**2 + 13*h + 95. What is the hundreds digit of n(19)?
0
Let i = 365 + -328. What is the units digit of i?
7
Let t = 777 - 605. What is the hundreds digit of t?
1
Let q be 1 + (0/(-4) - 0). Let u = q + 1. Suppose u*f + 4*g = 60, -200 = -4*f + 4*g - 20. What is the units digit of f?
0
Suppose 0 = 7*s - 2*s - 4*z + 20, 4*s - 4*z = -20. Suppose 8*c - 411 - 701 = s. What is the hundreds digit of c?
1
What is the units digit of (-552)/(-6) + 5 - (2 + 2)?
3
Let n(l) = 2*l**2 - 2*l - 4. Suppose 2*a - 2*x - 192 = 0, 3*x = -3*a + 267 - 3. Let h be a/22 + 4/(-22). What is the units digit of n(h)?
0
Let d(a) = 70*a**2 - 38*a + 21. What is the thousands digit of d(8)?
4
Suppose -3*l + 0*g = 3*g - 3, -2*l + 4*g + 20 = 0. Suppose l*r - 359 + 27 = 